00 + -1112. What is the greatest common factor of 572 and h?
44
Suppose 0 = 2*q - 5*g - 78, 23*g = -5*q + 27*g + 178. What is the greatest common factor of 731 and q?
17
Let y be (20/44)/((-18)/(-99))*80. Calculate the highest common divisor of y and 32.
8
Let h = -35 - -51. Suppose 3*j - 128 = c + j, 4*j - h = 0. Let x be c/42*(-7 - 0). What is the greatest common divisor of 140 and x?
20
Suppose 42 + 258 = 25*m. What is the highest common factor of 84 and m?
12
Let r be (-95)/(-10) + -6 - 267/(-6). What is the highest common factor of r and 3216?
48
Suppose 3*f + 8 = 2*w, 0 = w - 0*w + 2*f + 3. Calculate the highest common factor of 137 and w.
1
Suppose 4*f = 151 + 85. Let w = f + -21. Suppose 3*s + w = 5*s. Calculate the highest common divisor of s and 133.
19
Let q = 123 - 45. Suppose 4*w = 3*z + 104, -2*z - q = -3*w + 2*z. Let a = w - -117. What is the greatest common factor of 13 and a?
13
Let p(d) = -59*d + 181. Let b be p(3). Let q be 3/18 + (-11)/(-6). Calculate the greatest common divisor of q and b.
2
Suppose -7*h = -10*h + 177. What is the highest common factor of h and 1357?
59
Suppose 5 = 2*x - x. Let g = -4 - -7. Suppose -g*a + 0 = -3. Calculate the greatest common divisor of x and a.
1
Let k be -152*((-30)/12 - -2). What is the highest common factor of 19 and k?
19
Let i(a) = -a**2 + 15*a - 21. Let u be i(3). Calculate the greatest common factor of u and 645.
15
Let q = 57 + -67. Let k be (0 - q)*(-198)/(-10). What is the greatest common factor of 22 and k?
22
Let s = 1113 - 737. What is the greatest common factor of 16 and s?
8
Let u(x) = 3*x - 7. Let q be u(18). Let w = q - 43. What is the greatest common factor of 36 and w?
4
Let u be -2 - -120 - (22 - 25). What is the highest common factor of u and 110?
11
Suppose -2*x + 21 = 5*q, 5*x - 12 = -3*q + 4*q. Let b be (-120)/(-9) - x/9. Let s = 53 + -14. Calculate the greatest common divisor of b and s.
13
Let j be 0/((2 - 4)/1). Suppose j = 8*z - z - 686. Suppose 3*h + 4*v = 30, 2*v + 2 = -4. What is the greatest common factor of h and z?
14
Suppose -24*i = -26*i + 50. Let g(x) = 20*x**2 - 4*x + 3. Let b be (-3 + 2)*-2 + 0. Let j be g(b). Calculate the highest common factor of i and j.
25
Let m be ((-3276)/27)/(-4)*21. What is the highest common divisor of m and 147?
49
Let b be (-39 + 21)/(4/2 + -1). Let r = b + 118. Calculate the greatest common divisor of r and 20.
20
Suppose -4*c = 3*a + 3, -2*c + 0 = 3*a + 3. Let j be ((-14)/(-5))/(a/(-5)). Calculate the greatest common divisor of j and 21.
7
Suppose 0 = -0*w - 5*w + 4*s - 42, 6 = w + 4*s. Let m be ((-3)/(-1))/(w/(-100)). Let a be (-78)/52 - 106/(-4). What is the highest common factor of a and m?
25
Let y(g) = -2*g**3 - 4*g**2 - 5*g + 7. Let z be y(-7). What is the greatest common factor of 28 and z?
28
Suppose 286*q - 216 = 268*q. What is the greatest common factor of q and 66?
6
Suppose -2*d + d - 5*t = 24, 3*d - 28 = 5*t. Suppose x + d = 12. What is the greatest common divisor of 88 and x?
11
Let x(h) = h**2 + 26. Let s be x(-7). Calculate the greatest common factor of s and 150.
75
Let w be (-3 + 1 - -3)*7. Let h(g) be the first derivative of g**2 - 9*g - 5. Let j be h(w). Calculate the highest common factor of j and 40.
5
Let n be 171/19 - 6*1. Suppose -x - 2*x + 41 = o, x - 31 = 4*o. What is the greatest common factor of x and n?
3
Let y = 362 - 350. What is the highest common divisor of 186 and y?
6
Let u(i) = -33*i - 260. Let n be u(-10). What is the greatest common factor of 320 and n?
10
Let p = -12 - -42. Let b = -18 + p. Let n be 10050/105 - (-4)/14. What is the greatest common factor of b and n?
12
Let n = -154 - -217. Let x = -16 - -23. What is the highest common divisor of n and x?
7
Suppose o + 2*v = -0*o + 179, v = 5*o - 840. Let k = o - 61. What is the greatest common divisor of 9 and k?
9
Let p(j) = -2*j**2 + 17*j + 12. Let n be p(6). What is the greatest common factor of 294 and n?
42
Suppose 3*s = -2*y + 93, 4*y + 75 = 2*s - 3. Let c(m) = m**2 - 6*m - 5. Let b be c(8). What is the greatest common divisor of s and b?
11
Suppose 0 = -2*f - 3*f + 120. Let u = -13 + 205. Calculate the greatest common factor of u and f.
24
Let q(r) = r**2 + 14*r + 14. Let k be q(-13). Let m be -55 + k*(0 - -1). Let n = 33 - m. Calculate the highest common divisor of n and 29.
29
Let x = -2479 + 2483. What is the highest common factor of x and 5?
1
Let s(x) = 11*x + 6. Let v be s(5). Let h = -59 + v. What is the highest common divisor of 16 and h?
2
Suppose -5*j - 2*m = -4*m - 365, 4*j = -4*m + 264. Let l = j - 56. Calculate the greatest common divisor of 3 and l.
3
Let w = -2077 - -2135. What is the highest common divisor of w and 10?
2
Suppose 0 = -4*q + 14 + 10. Suppose -11*z + 528 = 66. Calculate the highest common factor of q and z.
6
Let p be 27 + ((-5)/8)/((-21)/168). What is the greatest common factor of p and 1024?
32
Let k = 159 + -233. Let o = k - -78. What is the highest common factor of 32 and o?
4
Let g(k) = k**3 - 12*k**2 - k - 12. Let u be g(13). Calculate the greatest common divisor of u and 48.
48
Suppose 2*l + l = -5*y, 3*l = -3*y. Suppose 2*k + 0*k - 270 = l. What is the greatest common divisor of k and 27?
27
Suppose 0*g = -5*g. Suppose -t + 10 + 5 = g. Let w be t/4*(23 - 7). What is the highest common divisor of 15 and w?
15
Let c be (1 - -25)*-7*2/(-28). Let k(d) = 11*d + 8. Let p be k(4). What is the greatest common divisor of c and p?
13
Let j(k) = 39*k - 8. Let v be j(13). Let u = v - 323. What is the highest common factor of 22 and u?
22
Let l be (-3)/(-9) + (-285)/(-9). Let g(z) = z**2 + 8*z + 31. Let v be g(-7). Calculate the greatest common factor of l and v.
8
Suppose -2*v = -5*a - 20, v + 3*v = 3*a + 12. Let y be 1*((4 - v) + -7). Let d be 1 + 79 - (y - -6). What is the highest common factor of d and 7?
7
Let d = 265 + -181. What is the highest common divisor of 651 and d?
21
Let o(g) = -2*g**3 + 3*g**2 + 2*g. Let r be o(-2). Let v = 35 + r. Suppose -5*n = 2*k - v, -n = -0 - 1. What is the greatest common divisor of 3 and k?
3
Let i = 67 - 51. Suppose 8*q - i = 7*q. Calculate the greatest common factor of 16 and q.
16
Let m(z) = 6*z - 1. Let c be m(27). What is the greatest common factor of 46 and c?
23
Let l(x) = -x**3 - 6*x**2 - 8*x - 57. Let c be l(-13). Calculate the greatest common factor of c and 30.
30
Suppose -k = -4*h + 55, -43 - 14 = -4*h - k. Let u be (-20)/3 + (-4)/(-6). Let c = u + h. Calculate the highest common divisor of c and 88.
8
Suppose 7*i - 2377 = -2244. Calculate the highest common factor of 152 and i.
19
Let w = -698 + 709. Calculate the highest common factor of 1375 and w.
11
Let d be ((-72)/84)/((-3)/462). Suppose 0 = -2*n - 0*n - 42. Let z be (-28)/(-6)*(-54)/n. Calculate the greatest common factor of z and d.
12
Let s(p) = 3*p + 23. Let a(i) = 1. Let x(k) = -3*a(k) - s(k). Let j be x(-12). Calculate the greatest common divisor of 80 and j.
10
Suppose -l + 15 = 2*r, -3*l = -r - 12 + 2. Suppose -o - l*o + 864 = 0. What is the highest common factor of o and 18?
18
Let y = -696 - -1954. What is the greatest common factor of y and 34?
34
Suppose -4*h - 8 = -5*w + w, -3*w = -12. Let m be -1 + (h - (-6 - -4)). What is the greatest common divisor of m and 15?
3
Suppose 5*w = -2*h + 304, -5*w + 310 = 11*h - 6*h. Calculate the greatest common divisor of w and 3240.
60
Let i(r) = -r**2 - 3*r + 74. Let f be i(7). Let t(w) = w**2 + 3*w - 2. Let b be t(-6). Calculate the greatest common factor of b and f.
4
Let q(v) = v**3 - 5*v**2 + 5*v + 3. Let s be q(5). Suppose -3*z - 18 = 0, 26*x + 54 = 29*x - 2*z. What is the highest common factor of s and x?
14
Suppose -w - 46 = -4*y, 4*y - 8 - 32 = -2*w. Calculate the greatest common divisor of y and 11.
11
Suppose -20*l = -3*l - 51. What is the highest common factor of 21 and l?
3
Let n = 7 - 7. Suppose 2*h - 8 + 24 = n. Let s(z) = -z**2 - 9*z + 2. Let j be s(h). What is the greatest common factor of 10 and j?
10
Suppose -319 = -8*c + 1. Suppose 5*i + 3*a = 28, a + 17 = 3*i + 3*a. Calculate the highest common factor of c and i.
5
Suppose 4*v + v - 154 = -3*s, -s = -3. Suppose -v - 5 = -2*k. Let d(b) = b**3 + 8*b**2 + 5*b - 8. Let p be d(-6). What is the greatest common factor of k and p?
17
Let f be 30*(2 - (-24)/15). What is the gre